{"id":1293,"date":"2019-09-27T20:52:40","date_gmt":"2019-09-28T02:52:40","guid":{"rendered":"https:\/\/ohyeicr.com\/shop\/?post_type=product&#038;p=1293"},"modified":"2025-12-07T16:09:59","modified_gmt":"2025-12-07T22:09:59","slug":"taza-sona","status":"publish","type":"product","link":"https:\/\/ohyeicr.com\/shop\/producto\/taza-sona\/","title":{"rendered":"taza positiva SO\u00d1\u00c1"},"content":{"rendered":"<p>Taza positiva con leyenda: SO\u00d1\u00c1 MUCHO DORM\u00cd POCO ideal para esa persona creativa llena de sue\u00f1os por cumplir.<\/p>\n<p>Taza en cer\u00e1mica. Color disponible: CHOCOLATE CON ROJO POR DENTRO.<br \/>\nMedida: 11\u00a0cm de alto x 13 cm de ancho, 9 cm de diametro<\/p>\n<p>GARANTIA: Las tazas cer\u00e1micas, en caso de ser rota al llegar el producto (rajada, rota) se debe reportar el mismo d\u00eda de la entrega del paquete, despu\u00e9s de 2 d\u00edas no hacemos cambio del mismo. La garant\u00eda normal del producto es de 1 mes por defecto de f\u00e1brica: impresi\u00f3n que se cae o despinta, o decoloraci\u00f3n de la taza. Ellas van perfectamente envueltas.<\/p>\n<p>&nbsp;<\/p>\n<p><img data-recalc-dims=\"1\" loading=\"lazy\" decoding=\"async\" class=\"alignnone size-medium wp-image-1295\" src=\"https:\/\/i0.wp.com\/ohyeicr.com\/shop\/wp-content\/uploads\/2019\/09\/IMG_1900.jpg?resize=300%2C300&#038;ssl=1\" alt=\"\" width=\"300\" height=\"300\" srcset=\"https:\/\/i0.wp.com\/ohyeicr.com\/shop\/wp-content\/uploads\/2019\/09\/IMG_1900-scaled.jpg?resize=300%2C300&amp;ssl=1 300w, https:\/\/i0.wp.com\/ohyeicr.com\/shop\/wp-content\/uploads\/2019\/09\/IMG_1900-scaled.jpg?resize=324%2C324&amp;ssl=1 324w, https:\/\/i0.wp.com\/ohyeicr.com\/shop\/wp-content\/uploads\/2019\/09\/IMG_1900-scaled.jpg?resize=100%2C100&amp;ssl=1 100w, https:\/\/i0.wp.com\/ohyeicr.com\/shop\/wp-content\/uploads\/2019\/09\/IMG_1900-scaled.jpg?resize=416%2C416&amp;ssl=1 416w, https:\/\/i0.wp.com\/ohyeicr.com\/shop\/wp-content\/uploads\/2019\/09\/IMG_1900-scaled.jpg?resize=150%2C150&amp;ssl=1 150w, https:\/\/i0.wp.com\/ohyeicr.com\/shop\/wp-content\/uploads\/2019\/09\/IMG_1900-scaled.jpg?resize=768%2C768&amp;ssl=1 768w, https:\/\/i0.wp.com\/ohyeicr.com\/shop\/wp-content\/uploads\/2019\/09\/IMG_1900-scaled.jpg?resize=1024%2C1024&amp;ssl=1 1024w, https:\/\/i0.wp.com\/ohyeicr.com\/shop\/wp-content\/uploads\/2019\/09\/IMG_1900-scaled.jpg?resize=500%2C500&amp;ssl=1 500w, https:\/\/i0.wp.com\/ohyeicr.com\/shop\/wp-content\/uploads\/2019\/09\/IMG_1900-scaled.jpg?w=1960&amp;ssl=1 1960w\" sizes=\"auto, (max-width: 300px) 100vw, 300px\" \/><\/p>\n","protected":false},"excerpt":{"rendered":"<p>Taza positiva con leyenda: SO\u00d1\u00c1 MUCHO DORM\u00cd POCO ideal para esa persona creativa llena de sue\u00f1os por cumplir. Taza en cer\u00e1mica. Color disponible: CHOCOLATE CON ROJO POR DENTRO. Medida: 11\u00a0cm de alto x 13 cm de ancho, 9 cm de diametro GARANTIA: Las tazas cer\u00e1micas, en caso de ser rota al llegar el producto (rajada, [&hellip;]<\/p>\n","protected":false},"featured_media":1294,"comment_status":"open","ping_status":"closed","template":"","meta":{"nf_dc_page":"","om_disable_all_campaigns":false,"_monsterinsights_skip_tracking":false,"_monsterinsights_sitenote_active":false,"_monsterinsights_sitenote_note":"","_monsterinsights_sitenote_category":0,"jetpack_post_was_ever_published":false,"jetpack_publicize_message":"","jetpack_publicize_feature_enabled":true,"jetpack_social_post_already_shared":true,"jetpack_social_options":{"image_generator_settings":{"template":"highway","default_image_id":0,"font":"","enabled":false},"version":2}},"product_brand":[],"product_cat":[40,46,65,18,47],"product_tag":[55,49,26],"class_list":{"0":"post-1293","1":"product","2":"type-product","3":"status-publish","4":"has-post-thumbnail","6":"product_cat-detalles","7":"product_cat-navidad","8":"product_cat-outlet","9":"product_cat-regalos-para-papa","10":"product_cat-sn-valentin","11":"product_tag-de-escritorio","12":"product_tag-positivo","13":"product_tag-taza","15":"first","16":"instock","17":"shipping-taxable","18":"purchasable","19":"product-type-simple"},"yoast_head":"<!-- This site is optimized with the Yoast SEO plugin v27.4 - https:\/\/yoast.com\/product\/yoast-seo-wordpress\/ -->\n<title>taza positiva SO\u00d1\u00c1 - OH yei!<\/title>\n<meta name=\"robots\" content=\"index, follow, max-snippet:-1, max-image-preview:large, max-video-preview:-1\" \/>\n<link rel=\"canonical\" href=\"https:\/\/ohyeicr.com\/shop\/producto\/taza-sona\/\" \/>\n<meta property=\"og:locale\" content=\"es_ES\" \/>\n<meta property=\"og:type\" content=\"article\" \/>\n<meta property=\"og:title\" content=\"taza positiva SO\u00d1\u00c1 - OH yei!\" \/>\n<meta property=\"og:description\" content=\"Taza positiva con leyenda: SO\u00d1\u00c1 MUCHO DORM\u00cd POCO ideal para esa persona creativa llena de sue\u00f1os por cumplir. Taza en cer\u00e1mica. Color disponible: CHOCOLATE CON ROJO POR DENTRO. Medida: 11\u00a0cm de alto x 13 cm de ancho, 9 cm de diametro GARANTIA: Las tazas cer\u00e1micas, en caso de ser rota al llegar el producto (rajada, [&hellip;]\" \/>\n<meta property=\"og:url\" content=\"https:\/\/ohyeicr.com\/shop\/producto\/taza-sona\/\" \/>\n<meta property=\"og:site_name\" content=\"OH yei!\" \/>\n<meta property=\"article:modified_time\" content=\"2025-12-07T22:09:59+00:00\" \/>\n<meta property=\"og:image\" content=\"https:\/\/ohyeicr.com\/shop\/wp-content\/uploads\/2019\/09\/IMG_1898-scaled.jpg\" \/>\n\t<meta property=\"og:image:width\" content=\"2560\" \/>\n\t<meta property=\"og:image:height\" content=\"2560\" \/>\n\t<meta property=\"og:image:type\" content=\"image\/jpeg\" \/>\n<meta name=\"twitter:card\" content=\"summary_large_image\" \/>\n<meta name=\"twitter:label1\" content=\"Tiempo de lectura\" \/>\n\t<meta name=\"twitter:data1\" content=\"1 minuto\" \/>\n<script type=\"application\/ld+json\" class=\"yoast-schema-graph\">{\"@context\":\"https:\\\/\\\/schema.org\",\"@graph\":[{\"@type\":\"WebPage\",\"@id\":\"https:\\\/\\\/ohyeicr.com\\\/shop\\\/producto\\\/taza-sona\\\/\",\"url\":\"https:\\\/\\\/ohyeicr.com\\\/shop\\\/producto\\\/taza-sona\\\/\",\"name\":\"taza positiva SO\u00d1\u00c1 - OH yei!\",\"isPartOf\":{\"@id\":\"https:\\\/\\\/ohyeicr.com\\\/shop\\\/#website\"},\"primaryImageOfPage\":{\"@id\":\"https:\\\/\\\/ohyeicr.com\\\/shop\\\/producto\\\/taza-sona\\\/#primaryimage\"},\"image\":{\"@id\":\"https:\\\/\\\/ohyeicr.com\\\/shop\\\/producto\\\/taza-sona\\\/#primaryimage\"},\"thumbnailUrl\":\"https:\\\/\\\/i0.wp.com\\\/ohyeicr.com\\\/shop\\\/wp-content\\\/uploads\\\/2019\\\/09\\\/IMG_1898-scaled.jpg?fit=2560%2C2560&ssl=1\",\"datePublished\":\"2019-09-28T02:52:40+00:00\",\"dateModified\":\"2025-12-07T22:09:59+00:00\",\"breadcrumb\":{\"@id\":\"https:\\\/\\\/ohyeicr.com\\\/shop\\\/producto\\\/taza-sona\\\/#breadcrumb\"},\"inLanguage\":\"es\",\"potentialAction\":[{\"@type\":\"ReadAction\",\"target\":[\"https:\\\/\\\/ohyeicr.com\\\/shop\\\/producto\\\/taza-sona\\\/\"]}]},{\"@type\":\"ImageObject\",\"inLanguage\":\"es\",\"@id\":\"https:\\\/\\\/ohyeicr.com\\\/shop\\\/producto\\\/taza-sona\\\/#primaryimage\",\"url\":\"https:\\\/\\\/i0.wp.com\\\/ohyeicr.com\\\/shop\\\/wp-content\\\/uploads\\\/2019\\\/09\\\/IMG_1898-scaled.jpg?fit=2560%2C2560&ssl=1\",\"contentUrl\":\"https:\\\/\\\/i0.wp.com\\\/ohyeicr.com\\\/shop\\\/wp-content\\\/uploads\\\/2019\\\/09\\\/IMG_1898-scaled.jpg?fit=2560%2C2560&ssl=1\",\"width\":2560,\"height\":2560},{\"@type\":\"BreadcrumbList\",\"@id\":\"https:\\\/\\\/ohyeicr.com\\\/shop\\\/producto\\\/taza-sona\\\/#breadcrumb\",\"itemListElement\":[{\"@type\":\"ListItem\",\"position\":1,\"name\":\"Portada\",\"item\":\"https:\\\/\\\/ohyeicr.com\\\/shop\\\/\"},{\"@type\":\"ListItem\",\"position\":2,\"name\":\"Tienda\",\"item\":\"https:\\\/\\\/ohyeicr.com\\\/shop\\\/tienda\\\/\"},{\"@type\":\"ListItem\",\"position\":3,\"name\":\"taza positiva SO\u00d1\u00c1\"}]},{\"@type\":\"WebSite\",\"@id\":\"https:\\\/\\\/ohyeicr.com\\\/shop\\\/#website\",\"url\":\"https:\\\/\\\/ohyeicr.com\\\/shop\\\/\",\"name\":\"OH yei!\",\"description\":\"Detalles que hacen sonreir!!\",\"publisher\":{\"@id\":\"https:\\\/\\\/ohyeicr.com\\\/shop\\\/#organization\"},\"potentialAction\":[{\"@type\":\"SearchAction\",\"target\":{\"@type\":\"EntryPoint\",\"urlTemplate\":\"https:\\\/\\\/ohyeicr.com\\\/shop\\\/?s={search_term_string}\"},\"query-input\":{\"@type\":\"PropertyValueSpecification\",\"valueRequired\":true,\"valueName\":\"search_term_string\"}}],\"inLanguage\":\"es\"},{\"@type\":\"Organization\",\"@id\":\"https:\\\/\\\/ohyeicr.com\\\/shop\\\/#organization\",\"name\":\"OH yei!\u00ae\",\"url\":\"https:\\\/\\\/ohyeicr.com\\\/shop\\\/\",\"logo\":{\"@type\":\"ImageObject\",\"inLanguage\":\"es\",\"@id\":\"https:\\\/\\\/ohyeicr.com\\\/shop\\\/#\\\/schema\\\/logo\\\/image\\\/\",\"url\":\"https:\\\/\\\/i0.wp.com\\\/ohyeicr.com\\\/shop\\\/wp-content\\\/uploads\\\/2020\\\/03\\\/logo-ohyei-web.png?fit=350%2C350&ssl=1\",\"contentUrl\":\"https:\\\/\\\/i0.wp.com\\\/ohyeicr.com\\\/shop\\\/wp-content\\\/uploads\\\/2020\\\/03\\\/logo-ohyei-web.png?fit=350%2C350&ssl=1\",\"width\":350,\"height\":350,\"caption\":\"OH yei!\u00ae\"},\"image\":{\"@id\":\"https:\\\/\\\/ohyeicr.com\\\/shop\\\/#\\\/schema\\\/logo\\\/image\\\/\"}}]}<\/script>\n<!-- \/ Yoast SEO plugin. -->","yoast_head_json":{"title":"taza positiva SO\u00d1\u00c1 - OH yei!","robots":{"index":"index","follow":"follow","max-snippet":"max-snippet:-1","max-image-preview":"max-image-preview:large","max-video-preview":"max-video-preview:-1"},"canonical":"https:\/\/ohyeicr.com\/shop\/producto\/taza-sona\/","og_locale":"es_ES","og_type":"article","og_title":"taza positiva SO\u00d1\u00c1 - OH yei!","og_description":"Taza positiva con leyenda: SO\u00d1\u00c1 MUCHO DORM\u00cd POCO ideal para esa persona creativa llena de sue\u00f1os por cumplir. Taza en cer\u00e1mica. Color disponible: CHOCOLATE CON ROJO POR DENTRO. Medida: 11\u00a0cm de alto x 13 cm de ancho, 9 cm de diametro GARANTIA: Las tazas cer\u00e1micas, en caso de ser rota al llegar el producto (rajada, [&hellip;]","og_url":"https:\/\/ohyeicr.com\/shop\/producto\/taza-sona\/","og_site_name":"OH yei!","article_modified_time":"2025-12-07T22:09:59+00:00","og_image":[{"width":2560,"height":2560,"url":"https:\/\/ohyeicr.com\/shop\/wp-content\/uploads\/2019\/09\/IMG_1898-scaled.jpg","type":"image\/jpeg"}],"twitter_card":"summary_large_image","twitter_misc":{"Tiempo de lectura":"1 minuto"},"schema":{"@context":"https:\/\/schema.org","@graph":[{"@type":"WebPage","@id":"https:\/\/ohyeicr.com\/shop\/producto\/taza-sona\/","url":"https:\/\/ohyeicr.com\/shop\/producto\/taza-sona\/","name":"taza positiva SO\u00d1\u00c1 - OH yei!","isPartOf":{"@id":"https:\/\/ohyeicr.com\/shop\/#website"},"primaryImageOfPage":{"@id":"https:\/\/ohyeicr.com\/shop\/producto\/taza-sona\/#primaryimage"},"image":{"@id":"https:\/\/ohyeicr.com\/shop\/producto\/taza-sona\/#primaryimage"},"thumbnailUrl":"https:\/\/i0.wp.com\/ohyeicr.com\/shop\/wp-content\/uploads\/2019\/09\/IMG_1898-scaled.jpg?fit=2560%2C2560&ssl=1","datePublished":"2019-09-28T02:52:40+00:00","dateModified":"2025-12-07T22:09:59+00:00","breadcrumb":{"@id":"https:\/\/ohyeicr.com\/shop\/producto\/taza-sona\/#breadcrumb"},"inLanguage":"es","potentialAction":[{"@type":"ReadAction","target":["https:\/\/ohyeicr.com\/shop\/producto\/taza-sona\/"]}]},{"@type":"ImageObject","inLanguage":"es","@id":"https:\/\/ohyeicr.com\/shop\/producto\/taza-sona\/#primaryimage","url":"https:\/\/i0.wp.com\/ohyeicr.com\/shop\/wp-content\/uploads\/2019\/09\/IMG_1898-scaled.jpg?fit=2560%2C2560&ssl=1","contentUrl":"https:\/\/i0.wp.com\/ohyeicr.com\/shop\/wp-content\/uploads\/2019\/09\/IMG_1898-scaled.jpg?fit=2560%2C2560&ssl=1","width":2560,"height":2560},{"@type":"BreadcrumbList","@id":"https:\/\/ohyeicr.com\/shop\/producto\/taza-sona\/#breadcrumb","itemListElement":[{"@type":"ListItem","position":1,"name":"Portada","item":"https:\/\/ohyeicr.com\/shop\/"},{"@type":"ListItem","position":2,"name":"Tienda","item":"https:\/\/ohyeicr.com\/shop\/tienda\/"},{"@type":"ListItem","position":3,"name":"taza positiva SO\u00d1\u00c1"}]},{"@type":"WebSite","@id":"https:\/\/ohyeicr.com\/shop\/#website","url":"https:\/\/ohyeicr.com\/shop\/","name":"OH yei!","description":"Detalles que hacen sonreir!!","publisher":{"@id":"https:\/\/ohyeicr.com\/shop\/#organization"},"potentialAction":[{"@type":"SearchAction","target":{"@type":"EntryPoint","urlTemplate":"https:\/\/ohyeicr.com\/shop\/?s={search_term_string}"},"query-input":{"@type":"PropertyValueSpecification","valueRequired":true,"valueName":"search_term_string"}}],"inLanguage":"es"},{"@type":"Organization","@id":"https:\/\/ohyeicr.com\/shop\/#organization","name":"OH yei!\u00ae","url":"https:\/\/ohyeicr.com\/shop\/","logo":{"@type":"ImageObject","inLanguage":"es","@id":"https:\/\/ohyeicr.com\/shop\/#\/schema\/logo\/image\/","url":"https:\/\/i0.wp.com\/ohyeicr.com\/shop\/wp-content\/uploads\/2020\/03\/logo-ohyei-web.png?fit=350%2C350&ssl=1","contentUrl":"https:\/\/i0.wp.com\/ohyeicr.com\/shop\/wp-content\/uploads\/2020\/03\/logo-ohyei-web.png?fit=350%2C350&ssl=1","width":350,"height":350,"caption":"OH yei!\u00ae"},"image":{"@id":"https:\/\/ohyeicr.com\/shop\/#\/schema\/logo\/image\/"}}]}},"jetpack_publicize_connections":[],"jetpack_sharing_enabled":true,"_links":{"self":[{"href":"https:\/\/ohyeicr.com\/shop\/wp-json\/wp\/v2\/product\/1293","targetHints":{"allow":["GET"]}}],"collection":[{"href":"https:\/\/ohyeicr.com\/shop\/wp-json\/wp\/v2\/product"}],"about":[{"href":"https:\/\/ohyeicr.com\/shop\/wp-json\/wp\/v2\/types\/product"}],"replies":[{"embeddable":true,"href":"https:\/\/ohyeicr.com\/shop\/wp-json\/wp\/v2\/comments?post=1293"}],"wp:featuredmedia":[{"embeddable":true,"href":"https:\/\/ohyeicr.com\/shop\/wp-json\/wp\/v2\/media\/1294"}],"wp:attachment":[{"href":"https:\/\/ohyeicr.com\/shop\/wp-json\/wp\/v2\/media?parent=1293"}],"wp:term":[{"taxonomy":"product_brand","embeddable":true,"href":"https:\/\/ohyeicr.com\/shop\/wp-json\/wp\/v2\/product_brand?post=1293"},{"taxonomy":"product_cat","embeddable":true,"href":"https:\/\/ohyeicr.com\/shop\/wp-json\/wp\/v2\/product_cat?post=1293"},{"taxonomy":"product_tag","embeddable":true,"href":"https:\/\/ohyeicr.com\/shop\/wp-json\/wp\/v2\/product_tag?post=1293"}],"curies":[{"name":"wp","href":"https:\/\/api.w.org\/{rel}","templated":true}]}}