{"id":2019,"date":"2024-08-02T00:21:19","date_gmt":"2024-08-02T06:21:19","guid":{"rendered":"https:\/\/ohyeicr.com\/shop\/?post_type=product&#038;p=2019"},"modified":"2024-08-02T12:14:51","modified_gmt":"2024-08-02T18:14:51","slug":"bouquet-globo-burbuja-18-mama","status":"publish","type":"product","link":"https:\/\/ohyeicr.com\/shop\/producto\/bouquet-globo-burbuja-18-mama\/","title":{"rendered":"Bouquet globo burbuja 18&#8243; Mam\u00e1"},"content":{"rendered":"<p>Sorprende con un bouquet de globo burbuja pintada y personalizada a mano, ramito de eucalipto y flor de globo. Lazo y tags decorativos. Adem\u00e1s podes dedicarle una canci\u00f3n con c\u00f3digo spotify.<\/p>\n<p>Frases:<\/p>\n<p>La mejor Mam\u00e1 es la m\u00eda.<\/p>\n<p>La mejor Mam\u00e1.<\/p>\n<p>La mejor Abuela.<\/p>\n<p>\u00a1Agenda ya tu pedido! Podes realizarlo al whatsapp T. 8707.8071 o en la p\u00e1gina web ohyeicr.com\/shop hasta el 10 de Agosto. Entregas: 13, 14, 15 de agosto. Este producto requiere env\u00edo Local (directo a tu puerta) en zona GAM, no se env\u00edan por correos de Costa Rica ni a nivel Nacional.<\/p>\n<p>Indicar en notas al finalizar tu compra o por whatsapp: Frase a escoger, si se requiere una nota escrita para el destinatario, link de canci\u00f3n de Spotify.<\/p>\n<p>Este producto esta hecho a mano, por lo tanto puede existir variaciones al dise\u00f1o y materiales seg\u00fan existencia. El concpeto se mantiene. Se recibir\u00e1 una nota de cuidados del producto, ya que al ser entregado en perfecto estado, no se hacen devoluciones.<\/p>\n","protected":false},"excerpt":{"rendered":"<p><img loading=\"lazy\" decoding=\"async\" class=\"alignnone wp-image-2020 size-large\" src=\"https:\/\/ohyeicr.com\/shop\/wp-content\/uploads\/2024\/08\/bouquet-burbuja-MAMA-2024-OH-yei-DET-768x1024.jpg\" alt=\"\" width=\"768\" height=\"1024\" srcset=\"https:\/\/i0.wp.com\/ohyeicr.com\/shop\/wp-content\/uploads\/2024\/08\/bouquet-burbuja-MAMA-2024-OH-yei-DET.jpg?resize=768%2C1024&amp;ssl=1 768w, https:\/\/i0.wp.com\/ohyeicr.com\/shop\/wp-content\/uploads\/2024\/08\/bouquet-burbuja-MAMA-2024-OH-yei-DET.jpg?resize=225%2C300&amp;ssl=1 225w, https:\/\/i0.wp.com\/ohyeicr.com\/shop\/wp-content\/uploads\/2024\/08\/bouquet-burbuja-MAMA-2024-OH-yei-DET.jpg?resize=1152%2C1536&amp;ssl=1 1152w, https:\/\/i0.wp.com\/ohyeicr.com\/shop\/wp-content\/uploads\/2024\/08\/bouquet-burbuja-MAMA-2024-OH-yei-DET.jpg?resize=416%2C555&amp;ssl=1 416w, https:\/\/i0.wp.com\/ohyeicr.com\/shop\/wp-content\/uploads\/2024\/08\/bouquet-burbuja-MAMA-2024-OH-yei-DET.jpg?resize=45%2C60&amp;ssl=1 45w, https:\/\/i0.wp.com\/ohyeicr.com\/shop\/wp-content\/uploads\/2024\/08\/bouquet-burbuja-MAMA-2024-OH-yei-DET.jpg?resize=68%2C90&amp;ssl=1 68w, https:\/\/i0.wp.com\/ohyeicr.com\/shop\/wp-content\/uploads\/2024\/08\/bouquet-burbuja-MAMA-2024-OH-yei-DET.jpg?w=1500&amp;ssl=1 1500w\" sizes=\"auto, (max-width: 768px) 100vw, 768px\" \/><\/p>\n","protected":false},"featured_media":2021,"comment_status":"open","ping_status":"closed","template":"","meta":{"nf_dc_page":"","om_disable_all_campaigns":false,"_monsterinsights_skip_tracking":false,"_monsterinsights_sitenote_active":false,"_monsterinsights_sitenote_note":"","_monsterinsights_sitenote_category":0,"jetpack_post_was_ever_published":false,"jetpack_publicize_message":"","jetpack_publicize_feature_enabled":true,"jetpack_social_post_already_shared":true,"jetpack_social_options":{"image_generator_settings":{"template":"highway","default_image_id":0,"font":"","enabled":false},"version":2}},"product_brand":[],"product_cat":[71,37],"product_tag":[],"class_list":{"0":"post-2019","1":"product","2":"type-product","3":"status-publish","4":"has-post-thumbnail","6":"product_cat-diferentes-formas-de-sorprender","7":"product_cat-regalos-para-mama","9":"first","10":"onbackorder","11":"shipping-taxable","12":"purchasable","13":"product-type-simple"},"yoast_head":"<!-- This site is optimized with the Yoast SEO plugin v27.4 - https:\/\/yoast.com\/product\/yoast-seo-wordpress\/ -->\n<title>Bouquet globo burbuja 18&quot; Mam\u00e1 - OH yei!<\/title>\n<meta name=\"robots\" content=\"index, follow, max-snippet:-1, max-image-preview:large, max-video-preview:-1\" \/>\n<link rel=\"canonical\" href=\"https:\/\/ohyeicr.com\/shop\/producto\/bouquet-globo-burbuja-18-mama\/\" \/>\n<meta property=\"og:locale\" content=\"es_ES\" \/>\n<meta property=\"og:type\" content=\"article\" \/>\n<meta property=\"og:title\" content=\"Bouquet globo burbuja 18&quot; Mam\u00e1 - OH yei!\" \/>\n<meta property=\"og:url\" content=\"https:\/\/ohyeicr.com\/shop\/producto\/bouquet-globo-burbuja-18-mama\/\" \/>\n<meta property=\"og:site_name\" content=\"OH yei!\" \/>\n<meta property=\"article:modified_time\" content=\"2024-08-02T18:14:51+00:00\" \/>\n<meta property=\"og:image\" content=\"https:\/\/ohyeicr.com\/shop\/wp-content\/uploads\/2024\/08\/bouquet-burbuja-MAMA-2024-OH-yei.jpg\" \/>\n\t<meta property=\"og:image:width\" content=\"1500\" \/>\n\t<meta property=\"og:image:height\" content=\"2000\" \/>\n\t<meta property=\"og:image:type\" content=\"image\/jpeg\" \/>\n<meta name=\"twitter:card\" content=\"summary_large_image\" \/>\n<meta name=\"twitter:label1\" content=\"Tiempo de lectura\" \/>\n\t<meta name=\"twitter:data1\" content=\"1 minuto\" \/>\n<script type=\"application\/ld+json\" class=\"yoast-schema-graph\">{\"@context\":\"https:\\\/\\\/schema.org\",\"@graph\":[{\"@type\":\"WebPage\",\"@id\":\"https:\\\/\\\/ohyeicr.com\\\/shop\\\/producto\\\/bouquet-globo-burbuja-18-mama\\\/\",\"url\":\"https:\\\/\\\/ohyeicr.com\\\/shop\\\/producto\\\/bouquet-globo-burbuja-18-mama\\\/\",\"name\":\"Bouquet globo burbuja 18\\\" Mam\u00e1 - OH yei!\",\"isPartOf\":{\"@id\":\"https:\\\/\\\/ohyeicr.com\\\/shop\\\/#website\"},\"primaryImageOfPage\":{\"@id\":\"https:\\\/\\\/ohyeicr.com\\\/shop\\\/producto\\\/bouquet-globo-burbuja-18-mama\\\/#primaryimage\"},\"image\":{\"@id\":\"https:\\\/\\\/ohyeicr.com\\\/shop\\\/producto\\\/bouquet-globo-burbuja-18-mama\\\/#primaryimage\"},\"thumbnailUrl\":\"https:\\\/\\\/i0.wp.com\\\/ohyeicr.com\\\/shop\\\/wp-content\\\/uploads\\\/2024\\\/08\\\/bouquet-burbuja-MAMA-2024-OH-yei.jpg?fit=1500%2C2000&ssl=1\",\"datePublished\":\"2024-08-02T06:21:19+00:00\",\"dateModified\":\"2024-08-02T18:14:51+00:00\",\"breadcrumb\":{\"@id\":\"https:\\\/\\\/ohyeicr.com\\\/shop\\\/producto\\\/bouquet-globo-burbuja-18-mama\\\/#breadcrumb\"},\"inLanguage\":\"es\",\"potentialAction\":[{\"@type\":\"ReadAction\",\"target\":[\"https:\\\/\\\/ohyeicr.com\\\/shop\\\/producto\\\/bouquet-globo-burbuja-18-mama\\\/\"]}]},{\"@type\":\"ImageObject\",\"inLanguage\":\"es\",\"@id\":\"https:\\\/\\\/ohyeicr.com\\\/shop\\\/producto\\\/bouquet-globo-burbuja-18-mama\\\/#primaryimage\",\"url\":\"https:\\\/\\\/i0.wp.com\\\/ohyeicr.com\\\/shop\\\/wp-content\\\/uploads\\\/2024\\\/08\\\/bouquet-burbuja-MAMA-2024-OH-yei.jpg?fit=1500%2C2000&ssl=1\",\"contentUrl\":\"https:\\\/\\\/i0.wp.com\\\/ohyeicr.com\\\/shop\\\/wp-content\\\/uploads\\\/2024\\\/08\\\/bouquet-burbuja-MAMA-2024-OH-yei.jpg?fit=1500%2C2000&ssl=1\",\"width\":1500,\"height\":2000},{\"@type\":\"BreadcrumbList\",\"@id\":\"https:\\\/\\\/ohyeicr.com\\\/shop\\\/producto\\\/bouquet-globo-burbuja-18-mama\\\/#breadcrumb\",\"itemListElement\":[{\"@type\":\"ListItem\",\"position\":1,\"name\":\"Portada\",\"item\":\"https:\\\/\\\/ohyeicr.com\\\/shop\\\/\"},{\"@type\":\"ListItem\",\"position\":2,\"name\":\"Tienda\",\"item\":\"https:\\\/\\\/ohyeicr.com\\\/shop\\\/tienda\\\/\"},{\"@type\":\"ListItem\",\"position\":3,\"name\":\"Bouquet globo burbuja 18&#8243; Mam\u00e1\"}]},{\"@type\":\"WebSite\",\"@id\":\"https:\\\/\\\/ohyeicr.com\\\/shop\\\/#website\",\"url\":\"https:\\\/\\\/ohyeicr.com\\\/shop\\\/\",\"name\":\"OH yei!\",\"description\":\"Detalles que hacen sonreir!!\",\"publisher\":{\"@id\":\"https:\\\/\\\/ohyeicr.com\\\/shop\\\/#organization\"},\"potentialAction\":[{\"@type\":\"SearchAction\",\"target\":{\"@type\":\"EntryPoint\",\"urlTemplate\":\"https:\\\/\\\/ohyeicr.com\\\/shop\\\/?s={search_term_string}\"},\"query-input\":{\"@type\":\"PropertyValueSpecification\",\"valueRequired\":true,\"valueName\":\"search_term_string\"}}],\"inLanguage\":\"es\"},{\"@type\":\"Organization\",\"@id\":\"https:\\\/\\\/ohyeicr.com\\\/shop\\\/#organization\",\"name\":\"OH yei!\u00ae\",\"url\":\"https:\\\/\\\/ohyeicr.com\\\/shop\\\/\",\"logo\":{\"@type\":\"ImageObject\",\"inLanguage\":\"es\",\"@id\":\"https:\\\/\\\/ohyeicr.com\\\/shop\\\/#\\\/schema\\\/logo\\\/image\\\/\",\"url\":\"https:\\\/\\\/i0.wp.com\\\/ohyeicr.com\\\/shop\\\/wp-content\\\/uploads\\\/2020\\\/03\\\/logo-ohyei-web.png?fit=350%2C350&ssl=1\",\"contentUrl\":\"https:\\\/\\\/i0.wp.com\\\/ohyeicr.com\\\/shop\\\/wp-content\\\/uploads\\\/2020\\\/03\\\/logo-ohyei-web.png?fit=350%2C350&ssl=1\",\"width\":350,\"height\":350,\"caption\":\"OH yei!\u00ae\"},\"image\":{\"@id\":\"https:\\\/\\\/ohyeicr.com\\\/shop\\\/#\\\/schema\\\/logo\\\/image\\\/\"}}]}<\/script>\n<!-- \/ Yoast SEO plugin. -->","yoast_head_json":{"title":"Bouquet globo burbuja 18\" Mam\u00e1 - OH yei!","robots":{"index":"index","follow":"follow","max-snippet":"max-snippet:-1","max-image-preview":"max-image-preview:large","max-video-preview":"max-video-preview:-1"},"canonical":"https:\/\/ohyeicr.com\/shop\/producto\/bouquet-globo-burbuja-18-mama\/","og_locale":"es_ES","og_type":"article","og_title":"Bouquet globo burbuja 18\" Mam\u00e1 - OH yei!","og_url":"https:\/\/ohyeicr.com\/shop\/producto\/bouquet-globo-burbuja-18-mama\/","og_site_name":"OH yei!","article_modified_time":"2024-08-02T18:14:51+00:00","og_image":[{"width":1500,"height":2000,"url":"https:\/\/ohyeicr.com\/shop\/wp-content\/uploads\/2024\/08\/bouquet-burbuja-MAMA-2024-OH-yei.jpg","type":"image\/jpeg"}],"twitter_card":"summary_large_image","twitter_misc":{"Tiempo de lectura":"1 minuto"},"schema":{"@context":"https:\/\/schema.org","@graph":[{"@type":"WebPage","@id":"https:\/\/ohyeicr.com\/shop\/producto\/bouquet-globo-burbuja-18-mama\/","url":"https:\/\/ohyeicr.com\/shop\/producto\/bouquet-globo-burbuja-18-mama\/","name":"Bouquet globo burbuja 18\" Mam\u00e1 - OH yei!","isPartOf":{"@id":"https:\/\/ohyeicr.com\/shop\/#website"},"primaryImageOfPage":{"@id":"https:\/\/ohyeicr.com\/shop\/producto\/bouquet-globo-burbuja-18-mama\/#primaryimage"},"image":{"@id":"https:\/\/ohyeicr.com\/shop\/producto\/bouquet-globo-burbuja-18-mama\/#primaryimage"},"thumbnailUrl":"https:\/\/i0.wp.com\/ohyeicr.com\/shop\/wp-content\/uploads\/2024\/08\/bouquet-burbuja-MAMA-2024-OH-yei.jpg?fit=1500%2C2000&ssl=1","datePublished":"2024-08-02T06:21:19+00:00","dateModified":"2024-08-02T18:14:51+00:00","breadcrumb":{"@id":"https:\/\/ohyeicr.com\/shop\/producto\/bouquet-globo-burbuja-18-mama\/#breadcrumb"},"inLanguage":"es","potentialAction":[{"@type":"ReadAction","target":["https:\/\/ohyeicr.com\/shop\/producto\/bouquet-globo-burbuja-18-mama\/"]}]},{"@type":"ImageObject","inLanguage":"es","@id":"https:\/\/ohyeicr.com\/shop\/producto\/bouquet-globo-burbuja-18-mama\/#primaryimage","url":"https:\/\/i0.wp.com\/ohyeicr.com\/shop\/wp-content\/uploads\/2024\/08\/bouquet-burbuja-MAMA-2024-OH-yei.jpg?fit=1500%2C2000&ssl=1","contentUrl":"https:\/\/i0.wp.com\/ohyeicr.com\/shop\/wp-content\/uploads\/2024\/08\/bouquet-burbuja-MAMA-2024-OH-yei.jpg?fit=1500%2C2000&ssl=1","width":1500,"height":2000},{"@type":"BreadcrumbList","@id":"https:\/\/ohyeicr.com\/shop\/producto\/bouquet-globo-burbuja-18-mama\/#breadcrumb","itemListElement":[{"@type":"ListItem","position":1,"name":"Portada","item":"https:\/\/ohyeicr.com\/shop\/"},{"@type":"ListItem","position":2,"name":"Tienda","item":"https:\/\/ohyeicr.com\/shop\/tienda\/"},{"@type":"ListItem","position":3,"name":"Bouquet globo burbuja 18&#8243; Mam\u00e1"}]},{"@type":"WebSite","@id":"https:\/\/ohyeicr.com\/shop\/#website","url":"https:\/\/ohyeicr.com\/shop\/","name":"OH yei!","description":"Detalles que hacen sonreir!!","publisher":{"@id":"https:\/\/ohyeicr.com\/shop\/#organization"},"potentialAction":[{"@type":"SearchAction","target":{"@type":"EntryPoint","urlTemplate":"https:\/\/ohyeicr.com\/shop\/?s={search_term_string}"},"query-input":{"@type":"PropertyValueSpecification","valueRequired":true,"valueName":"search_term_string"}}],"inLanguage":"es"},{"@type":"Organization","@id":"https:\/\/ohyeicr.com\/shop\/#organization","name":"OH yei!\u00ae","url":"https:\/\/ohyeicr.com\/shop\/","logo":{"@type":"ImageObject","inLanguage":"es","@id":"https:\/\/ohyeicr.com\/shop\/#\/schema\/logo\/image\/","url":"https:\/\/i0.wp.com\/ohyeicr.com\/shop\/wp-content\/uploads\/2020\/03\/logo-ohyei-web.png?fit=350%2C350&ssl=1","contentUrl":"https:\/\/i0.wp.com\/ohyeicr.com\/shop\/wp-content\/uploads\/2020\/03\/logo-ohyei-web.png?fit=350%2C350&ssl=1","width":350,"height":350,"caption":"OH yei!\u00ae"},"image":{"@id":"https:\/\/ohyeicr.com\/shop\/#\/schema\/logo\/image\/"}}]}},"jetpack_publicize_connections":[],"jetpack_sharing_enabled":true,"_links":{"self":[{"href":"https:\/\/ohyeicr.com\/shop\/wp-json\/wp\/v2\/product\/2019","targetHints":{"allow":["GET"]}}],"collection":[{"href":"https:\/\/ohyeicr.com\/shop\/wp-json\/wp\/v2\/product"}],"about":[{"href":"https:\/\/ohyeicr.com\/shop\/wp-json\/wp\/v2\/types\/product"}],"replies":[{"embeddable":true,"href":"https:\/\/ohyeicr.com\/shop\/wp-json\/wp\/v2\/comments?post=2019"}],"wp:featuredmedia":[{"embeddable":true,"href":"https:\/\/ohyeicr.com\/shop\/wp-json\/wp\/v2\/media\/2021"}],"wp:attachment":[{"href":"https:\/\/ohyeicr.com\/shop\/wp-json\/wp\/v2\/media?parent=2019"}],"wp:term":[{"taxonomy":"product_brand","embeddable":true,"href":"https:\/\/ohyeicr.com\/shop\/wp-json\/wp\/v2\/product_brand?post=2019"},{"taxonomy":"product_cat","embeddable":true,"href":"https:\/\/ohyeicr.com\/shop\/wp-json\/wp\/v2\/product_cat?post=2019"},{"taxonomy":"product_tag","embeddable":true,"href":"https:\/\/ohyeicr.com\/shop\/wp-json\/wp\/v2\/product_tag?post=2019"}],"curies":[{"name":"wp","href":"https:\/\/api.w.org\/{rel}","templated":true}]}}